30464?
False
Is 8618400 a multiple of 60?
True
Is 4 a factor of 428304?
True
Is 475 a factor of 528675?
True
Is 10 a factor of 55293?
False
Does 39 divide 16342?
False
Is 6 a factor of 92052?
True
Is 25 a factor of 13121?
False
Is 675857 a multiple of 583?
False
Is 504336 a multiple of 35?
False
Is 225 a factor of 197775?
True
Is 12 a factor of 2222700?
True
Is 4 a factor of 92094?
False
Is 14299026 a multiple of 396?
False
Is 14833301 a multiple of 22?
False
Is 221368 a multiple of 56?
True
Is 1749213 a multiple of 19?
False
Does 3 divide 52077?
True
Is 390 a factor of 500529?
False
Is 42204 a multiple of 4?
True
Is 478162 a multiple of 18?
False
Does 38 divide 8866712?
False
Is 29 a factor of 1715579?
False
Does 69 divide 128064?
True
Is 3764046 a multiple of 26?
True
Does 20 divide 285580?
True
Is 7394 a multiple of 20?
False
Is 178116 a multiple of 130?
False
Is 866376 a multiple of 81?
True
Is 19891748 a multiple of 106?
True
Is 49 a factor of 501356?
False
Does 216 divide 227493?
False
Is 23 a factor of 425868?
True
Does 34 divide 468758?
True
Is 3 a factor of 54320?
False
Is 715 a factor of 271480?
False
Is 429417 a multiple of 23?
False
Does 217 divide 114142?
True
Is 8 a factor of 15368?
True
Is 948833 a multiple of 10?
False
Does 68 divide 1185444?
True
Is 68868 a multiple of 12?
True
Is 2053955 a multiple of 426?
False
Does 18 divide 53102?
False
Is 70 a factor of 662970?
True
Is 5310297 a multiple of 936?
False
Is 1148 a factor of 689952?
False
Is 2 a factor of 537936?
True
Does 48 divide 245701?
False
Does 7 divide 1744099?
True
Is 61551 a multiple of 62?
False
Is 2736562 a multiple of 14?
False
Is 22 a factor of 3212?
True
Is 104 a factor of 781976?
True
Does 6 divide 241031?
False
Does 32 divide 10400?
True
Does 61 divide 2225829?
True
Is 517 a factor of 79760?
False
Does 99 divide 3248784?
True
Is 44 a factor of 1899128?
True
Does 108 divide 1379160?
True
Does 98 divide 1851122?
True
Is 70 a factor of 3114510?
True
Is 29 a factor of 796035?
False
Does 449 divide 246380?
False
Is 47 a factor of 213380?
True
Is 258687 a multiple of 201?
True
Does 239 divide 5362443?
True
Is 14 a factor of 435764?
True
Does 2 divide 407889?
False
Does 431 divide 682704?
True
Is 137 a factor of 756651?
True
Does 7 divide 3833?
False
Is 39852 a multiple of 7?
False
Is 808458 a multiple of 21?
True
Does 206 divide 1019482?
False
Is 57 a factor of 3671164?
False
Is 21 a factor of 12489101?
False
Does 31 divide 46779?
True
Does 1043 divide 3861101?
False
Does 259 divide 5818208?
False
Is 34 a factor of 81634?
True
Is 122 a factor of 34160?
True
Is 2 a factor of 197058?
True
Is 263881 a multiple of 50?
False
Is 36 a factor of 416844?
True
Does 2464 divide 852698?
False
Is 1334995 a multiple of 206?
False
Is 15 a factor of 118695?
True
Is 61 a factor of 666220?
False
Does 4 divide 315422?
False
Is 96592 a multiple of 17?
False
Is 2404983 a multiple of 497?
True
Is 4 a factor of 183180?
True
Is 746928 a multiple of 78?
True
Does 372 divide 188877?
False
Is 536332 a multiple of 38?
True
Is 473 a factor of 893497?
True
Is 19 a factor of 835468?
True
Does 5 divide 1819420?
True
Is 10 a factor of 88620?
True
Is 2845977 a multiple of 10?
False
Does 3 divide 688776?
True
Is 1696769 a multiple of 33?
False
Is 213 a factor of 2976124?
False
Is 44 a factor of 162272?
True
Is 101 a factor of 39012?
False
Does 17 divide 328304?
True
Is 218 a factor of 452810?
False
Is 41664 a multiple of 8?
True
Is 2022750 a multiple of 145?
True
Is 221652 a multiple of 26?
False
Is 112 a factor of 157024?
True
Does 1529 divide 18209252?
False
Is 200249 a multiple of 23?
False
Is 31 a factor of 86159?
False
Is 10 a factor of 501050?
True
Is 334216 a multiple of 18?
False
Is 12 a factor of 6773?
False
Is 103410 a multiple of 52?
False
Is 81 a factor of 606933?
True
Does 97 divide 2438483?
True
Is 3196318 a multiple of 31?
False
Is 8 a factor of 623088?
True
Is 12 a factor of 1208016?
True
Is 139545 a multiple of 21?
True
Is 876 a factor of 247032?
True
Is 10 a factor of 11116081?
False
Does 27 divide 576585?
True
Is 110171 a multiple of 10?
False
Is 5 a factor of 2727605?
True
Does 84 divide 1191540?
True
Is 42 a factor of 3250674?
True
Is 1834142 a multiple of 1118?
False
Is 5025325 a multiple of 760?
False
Is 134638 a multiple of 163?
True
Is 312998 a multiple of 566?
True
Is 1320 a factor of 1436160?
True
Is 108232 a multiple of 16?
False
Is 13 a factor of 1983033?
True
Does 46 divide 265209?
False
Is 18248 a multiple of 3?
False
Is 179 a factor of 4060?
False
Is 3 a factor of 431814?
True
Is 3990580 a multiple of 29?
False
Is 385 a factor of 1164625?
True
Does 4 divide 180476?
True
Is 312251 a multiple of 100?
False
Is 2526362 a multiple of 11?
False
Does 738 divide 11579414?
False
Is 21 a factor of 2646941?
False
Does 275 divide 558651?
False
Is 247408 a multiple of 212?
False
Is 25 a factor of 1589150?
True
Is 2849930 a multiple of 23?
True
Is 25 a factor of 2386975?
True
Is 27 a factor of 318831?
False
Is 13 a factor of 834266?
False
Is 185149 a multiple of 269?
False
Is 714 a factor of 6376020?
True
Does 860 divide 2871540?
True
Is 127 a factor of 4062222?
True
Does 45 divide 69969?
False
Does 117 divide 6968957?
False
Is 13 a factor of 295195?
False
Is 31 a factor of 673232?
False
Does 7 divide 7039961?
False
Is 221865 a multiple of 15?
True
Is 9 a factor of 3845448?
True
Does 11 divide 90453?
True
Is 22 a factor of 653554?
True
Is 11655748 a multiple of 169?
False
Does 41 divide 3971998?
True
Is 330225 a multiple of 21?
True
Is 79477 a multiple of 47?
True
Is 31 a factor of 274553?
False
Does 21 divide 119512?
False
Is 72703 a multiple of 78?
False
Is 63707 a multiple of 186?
False
Does 105 divide 9765105?
True
Does 702 divide 3838916?
False
Does 11 divide 2632313?
False
Is 331 a factor of 76130?
True
Does 1009 divide 2205241?
False
Does 38 divide 525654?
True
Is 148 a factor of 1364708?
True
Is 1546709 a multiple of 23?
False
Is 93 a factor of 988497?
True
Does 36 divide 2700111?
False
Is 3759840 a multiple of 90?
True
Does 71 divide 220110?
False
Does 18 divide 125424?
True
Does 95 divide 210638?
False
Does 34 divide 7594437?
False
Is 11478796 a multiple of 197?
True
Is 21 a factor of 13901725?
False
Is 6280471 a multiple of 9?
False
Does 653 divide 158519?
False
Is 29090 a multiple of 10?
True
Is 39 a factor of 99062?
False
Does 1048 divide 6435247?
False
Does 9 divide 2426472?
True
Does 9 divide 446238?
True
Is 14 a factor of 361947?
False
Is 549292 a multiple of 40?
False
Is 1543 a factor of 5149735?
False
Is 3328 a factor of 4697279?
False
Does 16 divide 529584?
True
Does 15 divide 211326?
False
Is 2318102 a multiple of 52?
False
Is 78 a factor of 5686590?
True
Does 68 divide 4786996?
True
Is 16343 a multiple of 31?
False
Is 378 a factor of 109670?
False
Is 1341406 a multiple of 453?
False
Does 13 divide 118612?
True
Is 55 a factor of 67234?
False
Is 81 a factor of 2103408?
True
Is 23327 a multiple of 254?
False
Is 679463 a multiple of 164?
False
Is 16 a factor of 284048?
True
Is 4043320 a multiple of 271?
True
Does 1413 divide 3204689?
False
Is 15713645 a multiple of 83?
False
Is 278 a factor of 55878?
True
Does 850 divide 4969564?
False
Is 251174 a multiple of 32?
False
Does 52 divide 201188?
True
Is 1241 a factor of 3210317?
False
Is 151 a factor of 257322?
False
Does 254 divide 40894?
True
Is 3378326 a multiple of 29?
True
Is 41 a factor of 525588?
False
Is 110 a factor of 1815000?
True
Does 1203 divide 3929022?
False
Does 114 divide 19026372?
True
Does 2273 divide 7664556?
True
Is 2938122 a multiple of 171?
True
Is 442646 a multiple of 39?
False
Is 17 a factor of 10779?
False
Is 178 a factor of 1016761?
False
Does 3 divide 3226736?
False
Does 335 divide 1341340?
True
Does 2 divide 37762?
True
Does 3 divide 43077?
True
Is 116 a factor of 153423?
False
Is 16013 a multiple of 5?
False
Is 670967 a multiple of 59?
False
Is 285 a factor of 1314893?
False
Is 4 a factor of 25426?
False
Is 61 a factor of 13162946?
True
Is 125354 a multiple of 9?
False
Is 11 a factor of 2377566?
False
Does 9 divide 1114576?
False
Is 866 a factor of 885052?
True
Does 12 divide 175488?
True
Does 15 divide 1186972?
False
Is 146 a factor of 242214?
True
Does 3 divide 84714?
True
Is 141829